Let q(s) = 7*s**2 + 19. Let m(u) = -3*u**2 - 9. Let a(z) = -9*m(z) - 4*q(z). Let v be a(0). Let h(n) = -n**2 + 2*n + 1. What is h(v)?
-14
Let n(p) = 4*p**2 + 14*p + 5. Let x(s) = 2*s**2 + 7*s + 2. Let t(v) = 4*n(v) - 7*x(v). Calculate t(-4).
10
Let t(r) = r**3 + 6*r**2 + 5*r + 1. Let d = -595 + 591. Determine t(d).
13
Suppose 4*p = m + 6 + 6, -m + p = -3. Let k(j) be the second derivative of j**4/12 - 3*j**3/2 + 6*j**2 - 2*j. Determine k(m).
4
Let u(p) = -p**2 - p - 1. Let b be 31/(-93)*(1 - -8). Give u(b).
-7
Let t(n) be the third derivative of -n**4/6 + n**3 + 8*n**2. Let g(h) = -7*h + 12. Let r(l) = 3*g(l) - 5*t(l). Let c be 4/22 + (-10)/55. Give r(c).
6
Let k(i) = i**2 + 6*i - 5. Suppose m - 2 = 2*v - 0, 0 = -m. Let x be (-27)/(-12) + v/4. Suppose -a = x*a + 15. Determine k(a).
-10
Let o be (-4)/(-10) - 2/20*14. Let g(x) = x**2 + x - 1. Calculate g(o).
-1
Let l(a) = a**3 + a + 6. Let b = -16 + 34. Let j be ((-27)/b)/(6/32). Let o be j/24 - 3/(-9). Give l(o).
6
Let v(b) = -b**2 + 1. Let u(m) = -m**2 + 5*m + 5. Let d = 9 - 3. Let z be u(d). Calculate v(z).
0
Let g(t) = -t**2 - 8*t - 7. Let w(u) = -u**3 - 11*u**2 + 16*u + 42. Let z be w(-12). What is g(z)?
5
Let o(v) = -v**3 - v**2 + v + 2. Let r(q) = -28*q - 20. Let c be r(-4). Let s = c + -90. What is o(s)?
-8
Suppose -q = -6*q. Let b = 80 - 77. Let t(f) = -5 + f**2 + b*f - 2*f - f. Calculate t(q).
-5
Let r be (-7)/(-2) + (-9)/(-6). Suppose 3 - 25 = 3*z - 5*x, -3*x = -r*z - 42. Let u(s) = s**3 + 9*s**2 + 11. Calculate u(z).
11
Let o(w) = w**3 + 13*w**2 + 20*w - 16. Let n(x) = x**3 + 15*x**2 - 14*x + 21. Let q be n(-16). Calculate o(q).
6
Let r(m) be the first derivative of -m**4/4 - 10*m**3/3 - 7*m**2/2 + 12*m + 16. Suppose 0 = -5*k - 35 - 10. Calculate r(k).
-6
Let d(i) = i**3 - 7*i**2 + 6*i - 6. Suppose 4*t + 0 - 48 = 0. Suppose 5*k - 7*k = -t. Determine d(k).
-6
Let k(t) = t**3 - 4*t**2 + 2*t + 2. Suppose 8*z - 39 = -7. Determine k(z).
10
Let r = 11 + -15. Let l = r + 6. Let y(w) = -3*w**2 + 7 + w**3 + 0*w**l - 2 - 4*w + 0*w**2. What is y(4)?
5
Let w be (-1)/2*-1*0. Let f = 40 + -36. Let k(p) = -5 + f - 5 + w + p. Give k(6).
0
Let b(u) = -u**3 + 9*u**2 + 10*u + 3. Suppose 10*z = -648 - 192. Let w be 2/(-4) - z/8. Determine b(w).
3
Let k(c) be the first derivative of 1/4*c**4 + 2*c**3 - 7*c + 1/2*c**2 - 20. Determine k(-6).
-13
Let g(s) = 7*s + 2. Let b(z) = -39*z - 11. Let p(q) = -2*b(q) - 11*g(q). What is p(-4)?
-4
Let s(o) = o**2 + 2 - 10*o - 3 + 8*o. Determine s(2).
-1
Let a(s) = s**3 - 7*s**2 - 3*s + 7. Suppose -2*c + 13*c = 616. Suppose 8*t = 16*t - c. Calculate a(t).
-14
Suppose -4*l = -q - 12, -2*l - 2*q + 5*q + 16 = 0. Let w(j) = 12 + j**l - 7 - 9 + 4*j. Give w(-6).
8
Let d(q) be the second derivative of q**4/12 + q**3/6 - 6*q**2 + 99*q. Give d(0).
-12
Let c(u) be the first derivative of -u**2/2 + 6*u - 181. Determine c(7).
-1
Let p(v) = -v + 1. Let k = 81 + -73. Suppose -21*f = -19*f - k. Calculate p(f).
-3
Let d(w) be the first derivative of w**3/3 + 3*w**2/2 - w - 4. Suppose 14 = 2*q - 2*n, 3*q - 3 + 0 = -3*n. Suppose 2*c - q*f = -22, 5*f - 15 = c + 8. Give d(c).
-1
Suppose 3*j = 5*z + 2*j - 32, -4*z - 4*j + 16 = 0. Let l(n) be the third derivative of 0 - z*n**2 - 1/60*n**5 + 1/24*n**4 + 2/3*n**3 + 0*n. Give l(5).
-16
Let k(s) = -75*s - 3. Let i(x) = 31*x + 2. Let j(q) = 5*i(q) + 2*k(q). What is j(-1)?
-1
Let n(g) = -g + 1. Let h be (18/27)/(2/18). Let r(l) = -l**2 + 6*l + 4. Let y be r(h). What is n(y)?
-3
Let x(n) = 1276*n**2 - 646*n**2 - 636*n**2. What is x(-3)?
-54
Let b(p) = 8*p + 4*p**3 - 7 + 9*p**3 + 7*p**2 - 19*p**3 + 5*p**3. What is b(8)?
-7
Let p be (115/35 - -5) + 2/(-7). Let f(n) = 7 + 3*n - 4*n - p. Give f(4).
-5
Let p(x) = 5*x**3 - 5*x - 4. Let m be p(-1). Let u(y) = -y - 3. Determine u(m).
1
Let z(k) = 0*k**2 - 2*k**2 - 3*k + 0*k**2 + 1. Let a(w) = -6*w + 4*w + 4*w - w + 2*w**3. Let i be a(-1). Give z(i).
-8
Let q(j) be the first derivative of j**4/4 + 16*j**3/3 + 5*j + 132. Give q(-16).
5
Let h(k) = -8*k**2 + 6*k - 7. Let d(a) = 2*a**2 - a + 2. Let l(j) = 3*d(j) + h(j). Let g = -1 + 4. Give l(g).
-10
Let m(v) = -v**3 + v + 2. Let p be m(0). Let b(c) = -3 - c**3 + 4*c**2 - p*c + 6 + 0 + c**2. Calculate b(4).
11
Let w(m) be the second derivative of -19*m**4/12 - m**2/2 + 36*m. Calculate w(-1).
-20
Suppose 0 = -10*g + 6*g + 4*i + 56, 4*i + 4 = 0. Let c(a) = -a**3 + 12*a**2 + 12*a + 25. Give c(g).
12
Let c(z) = 70199*z + 6 - 4 - 70197*z - 4. Give c(3).
4
Let m(n) = n**2 + 34*n + 11. Let j(q) = 35*q + 21. Let b(g) = 2*j(g) - 3*m(g). What is b(-11)?
-2
Let h(c) be the third derivative of c**6/120 - c**5/12 - c**3 - 24*c**2 + c. What is h(5)?
-6
Let l(x) = -x. Let y(z) = -4*z. Suppose -12 = -10*n + 4*n. Let d(b) = n*y(b) - 7*l(b). Let h(w) = -12*w - 6. Let r(v) = 9*d(v) - h(v). What is r(-6)?
-12
Let g = -17 + 26. Suppose 5*m - 12 = -4*k, -g - 1 = k - 2*m. Let l(x) = -4*x + 2. Calculate l(k).
10
Let l(c) be the second derivative of -1/12*c**4 - 9/2*c**2 + 17*c + 0 + 3/2*c**3. Calculate l(9).
-9
Let b(w) = 7 - 3*w + 16 + 6 - 2*w**3 + 4*w**2 - 28. Determine b(2).
-5
Let t(k) = -11*k**3 + k**2 - 2*k + 1. Let j(g) = -5*g**3 - g + 1. Let w(a) = -13*j(a) + 6*t(a). Let r be (-1)/(-3) + 7/(-3). Let l = 4 - r. Calculate w(l).
-1
Let p(k) = 3*k - 1 + 0 + k + k - k. What is p(1)?
3
Let d(y) = -13*y - 2. Let q(p) = 15*p. Let k(n) = 6*d(n) + 5*q(n). Calculate k(10).
-42
Let a = -19 + 22. Suppose g + 2*g - 27 = 0. Let u = a - g. Let d(s) = -s**2 - 8*s - 9. Give d(u).
3
Suppose -5 = -6*x + x. Let q = -1 + x. Let s(l) be the third derivative of l**6/120 + l**5/60 - l**4/24 + 155*l**2 + 1. What is s(q)?
0
Let i = -5 - -3. Let w = 6 + i. Let u(d) be the first derivative of -d**4/4 + 4*d**3/3 + d**2/2 - 4*d + 7. Calculate u(w).
0
Let a(i) = 12*i - 4*i + 3 - 2. Suppose 0 = 3*k + w - 4, -5*w + 30 + 6 = -k. Give a(k).
-7
Let h(p) be the second derivative of p**5/20 - 5*p**4/6 + 5*p**3/3 - 3*p**2 + 11*p. Suppose -4*d + 19 + 19 = s, 4*d - 34 = s. Determine h(d).
3
Let a be (-18)/72*8/2*-1. Let l(m) = 2*m**3 + a - 2*m**2 - 8*m + 7*m - m**3. Give l(2).
-1
Suppose -35 = 4*x + 1. Let b(v) be the first derivative of v**2/2 + 10*v - 317. What is b(x)?
1
Let d be (-80)/(-15) - (-6)/(-18) - 11. Let u(a) = a**2 + 9*a + 13. What is u(d)?
-5
Let t(c) = -3 - 2*c - 3 + 3 + c. Calculate t(-9).
6
Let x(w) be the first derivative of 1/3*w**3 + 11 + 2*w + 7/2*w**2. What is x(-6)?
-4
Let n(a) = -11*a - 17. Let b(t) = 4*t + 6. Let x(d) = -8*b(d) - 3*n(d). Let l be 2 - 4/12*21. Determine x(l).
-2
Let j(v) = 3*v**3 - 5*v**2 - 2*v - 9. Let i(s) = 7*s**3 - 9*s**2 - 4*s - 17. Let l(m) = -4*i(m) + 9*j(m). Let p be (54/(-21))/((-8)/(-28)). Give l(p).
5
Let n(p) = -p. Let w(u) = -2*u**2 - 6*u - 1. Let h(x) = -3*n(x) + w(x). Let c = 10 - 7. Suppose -2*d - 4*a + 0*a = 4, -d + c*a = 2. Give h(d).
-3
Let q(r) = -r - 1. Let f(w) = -2*w - 13. Let m be f(-10). Let j be (m/(-7))/(2/(-10)). Calculate q(j).
-6
Let s(n) = n**3 + 0*n**2 - n**2 - 3*n**2 + 2*n - 4. Let i(q) be the second derivative of -q**5/4 + q**4/12 + q**3/3 - 4*q. Let l be i(-1). Calculate s(l).
4
Let q(l) = 2*l - 3. Suppose -8*i + 12 = -5*i. Suppose 0 = 5*a, -5*z + 3*a + 20 = i*a. Give q(z).
5
Let x(p) = p**2 - p. Let r(a) = 3*a**2 - 9*a - 9. Let b(w) = r(w) - 2*x(w). Let j be (-1)/(-1) + 224/32. What is b(j)?
-1
Let w(c) be the third derivative of -c**6/120 - 3*c**3/2 + 180*c**2. Calculate w(0).
-9
Let v = 53 + -50. Let c(a) = 2*a - 1. Determine c(v).
5
Suppose 15*o + 36 = 11*o. Let m(j) = j**3 + 10*j**2 + 10*j + 8. What is m(o)?
-1
Let f(d) = 3*d**3 - 2 + 0 - d**2 + 3*d**2 - 5*d - 2*d**3. Suppose -2*i + 1 = 7. Determine f(i).
4
Let u = -66 - -69. Suppose -8*g = -u - 29. Let q(x) = -x**3 + 4*x**2 - 3*x + 4. Determine q(g).
-8
Let r(q) = -6*q - q**3 + 11*q - 6*q - q + 6*q**2. Suppose h - 20 = -3*h. Calculate r(h).
15
Suppose -4*t + 6 - 3 = -5*b, 3*b - 5*t = -7. Let v(n) be the second derivative of -4*n**3/3 + n**2/2 - 228*n. Calculate v(b).
-7
Let i(b) = b - 8. Let v be i(17). Let p(s) = 5*s - 2 + 5 - v*s - 2. Give p(-2).
9
Let q(t) = 3*t - 7. Let w be q(6). Let h(s) = -s + w + 3 - 15. Give h(4).
-5
Let b(q) be the third derivative of q**6/120 + 2*q**5/15 + q**4/12 + 4*q**3/3 + 19*q**2 - 3. Give b(-8).
-8
Suppose 1 = -r + 3. Let p(j) be the first derivati